{"id":7705,"date":"2023-01-14T16:15:18","date_gmt":"2023-01-14T16:15:18","guid":{"rendered":"https:\/\/ruchedenise.be\/?post_type=tribe_events&#038;p=7705"},"modified":"2023-01-14T16:15:19","modified_gmt":"2023-01-14T16:15:19","slug":"afterwork-degustation-cubus","status":"publish","type":"tribe_events","link":"https:\/\/ruchedenise.be\/index.php\/event\/afterwork-degustation-cubus\/","title":{"rendered":"<strong>AfterWork D\u00e9gustation Cubus<\/strong>"},"content":{"rendered":"<div  class=\"tribe-events-schedule tribe-clearfix\" >\n\t<p class=\"tribe-events-schedule__datetime\">\n\t\t<span class=\"tribe-events-schedule__date tribe-events-schedule__date--start\">\n\t\t\tFebruary 2, 2023\t\t<\/span>\n\n\t\t\t\t\t<span class=\"tribe-events-schedule__separator tribe-events-schedule__separator--date\">\n\t\t\t\t @ \t\t\t<\/span>\n\t\t\t<span class=\"tribe-events-schedule__time tribe-events-schedule__time--start\">\n\t\t\t\t6:00 pm\t\t\t<\/span>\n\t\t\n\t\t\t\t\t\t\t\t\t<span class=\"tribe-events-schedule__separator tribe-events-schedule__separator--time\">\n\t\t\t\t\t &#8211; \t\t\t\t<\/span>\n\t\t\t\n\t\t\t\t\t\t\t<span class=\"tribe-events-schedule__time tribe-events-schedule__time--end\">\n\t\t\t\t\t8:00 pm\t\t\t\t<\/span>\n\t\t\t\n\t\t\t\t\t\t<\/p>\n<\/div>\n\n\n\n<p><img loading=\"lazy\" decoding=\"async\" height=\"16\" width=\"16\" alt=\"\ud83c\udf7b\" src=\"https:\/\/static.xx.fbcdn.net\/images\/emoji.php\/v9\/t96\/1\/16\/1f37b.png\">&nbsp;Prochaine d\u00e9gustation jeudredi 2\/02 d\u00e8s 18h chez Denise avec la d\u00e9couverte de la Brasserie Cubus !<\/p>\n\n\n\n<p>CUBUS, micro-brasserie cr\u00e9\u00e9e \u00e0 Sart-Risbart, a \u00e9t\u00e9 adopt\u00e9e en juillet 2022 par la walhinoise Vanessa De Munck. Aux commandes de cette toute petite entreprise, Vanessa a rempli de projets les tiroirs de la Brasserie CUBUS dont le principal est d\u2019accro\u00eetre la visibilit\u00e9 de ces bi\u00e8res de d\u00e9gustation qui refermentent en bouteille.<\/p>\n\n\n\n<p>Alors venez r\u00e9veiller vos papilles et d\u00e9couvrir La Saison, L\u2019Eclipse et La Triple, les 3 dames de la gamme CUBUS, bi\u00e8res sp\u00e9ciales belges sans artifice, \u00e9pices ou additifs.&nbsp;<img loading=\"lazy\" decoding=\"async\" height=\"16\" width=\"16\" alt=\"\ud83c\udf7b\" src=\"https:\/\/static.xx.fbcdn.net\/images\/emoji.php\/v9\/t96\/1\/16\/1f37b.png\"><\/p>\n\n\n<div  class=\"tribe-block tribe-block__event-price\" >\n\t\t<\/div>\n\n\n\n\n<div  class=\"tribe-block tribe-block__venue tribe-clearfix tribe-block__venue--has-map\" >\n\t\n\t\t\n\t<\/div>\n\n\n\n\n\t<div  class=\"tribe-block tribe-block__events-link\" >\n\t\t<div class=\"tribe-events tribe-common\">\n\t\t\t<div class=\"tribe-events-c-subscribe-dropdown__container\">\n\t\t\t\t<div class=\"tribe-events-c-subscribe-dropdown\">\n\t\t\t\t\t<div class=\"tribe-common-c-btn-border tribe-events-c-subscribe-dropdown__button\">\n\t\t\t\t\t\t<svg\n\t class=\"tribe-common-c-svgicon tribe-common-c-svgicon--cal-export tribe-events-c-subscribe-dropdown__export-icon\" \taria-hidden=\"true\"\n\tviewBox=\"0 0 23 17\"\n\txmlns=\"http:\/\/www.w3.org\/2000\/svg\"\n>\n\t<path fill-rule=\"evenodd\" clip-rule=\"evenodd\" d=\"M.128.896V16.13c0 .211.145.383.323.383h15.354c.179 0 .323-.172.323-.383V.896c0-.212-.144-.383-.323-.383H.451C.273.513.128.684.128.896Zm16 6.742h-.901V4.679H1.009v10.729h14.218v-3.336h.901V7.638ZM1.01 1.614h14.218v2.058H1.009V1.614Z\" \/>\n\t<path d=\"M20.5 9.846H8.312M18.524 6.953l2.89 2.909-2.855 2.855\" stroke-width=\"1.2\" stroke-linecap=\"round\" stroke-linejoin=\"round\"\/>\n<\/svg>\n\t\t\t\t\t\t<button\n\t\t\t\t\t\t\tclass=\"tribe-events-c-subscribe-dropdown__button-text\"\n\t\t\t\t\t\t\taria-expanded=\"false\"\n\t\t\t\t\t\t\taria-controls=\"tribe-events-subscribe-dropdown-content\"\n\t\t\t\t\t\t\taria-label=\"View links to add events to your calendar\"\n\t\t\t\t\t\t>\n\t\t\t\t\t\t\tAdd to calendar\t\t\t\t\t\t<\/button>\n\t\t\t\t\t\t<svg\n\t class=\"tribe-common-c-svgicon tribe-common-c-svgicon--caret-down tribe-events-c-subscribe-dropdown__button-icon\" \taria-hidden=\"true\"\n\tviewBox=\"0 0 10 7\"\n\txmlns=\"http:\/\/www.w3.org\/2000\/svg\"\n>\n\t<path fill-rule=\"evenodd\" clip-rule=\"evenodd\" d=\"M1.008.609L5 4.6 8.992.61l.958.958L5 6.517.05 1.566l.958-.958z\" class=\"tribe-common-c-svgicon__svg-fill\"\/>\n<\/svg>\n\t\t\t\t\t<\/div>\n\t\t\t\t\t<div id=\"tribe-events-subscribe-dropdown-content\" class=\"tribe-events-c-subscribe-dropdown__content\">\n\t\t\t\t\t\t<ul class=\"tribe-events-c-subscribe-dropdown__list\">\n\t\t\t\t\t\t\t\t\t\t\t\t\t\t\t<li class=\"tribe-events-c-subscribe-dropdown__list-item tribe-events-c-subscribe-dropdown__list-item--gcal\">\n\t\t\t\t\t\t\t\t\t<a\n\t\t\t\t\t\t\t\t\t\thref=\"https:\/\/www.google.com\/calendar\/event?action=TEMPLATE&#038;dates=20230202T180000\/20230202T200000&#038;text=%3Cstrong%3EAfterWork%20D%C3%A9gustation%20Cubus%3C%2Fstrong%3E&#038;details=%3Cp%3E%3Cimg+height%3D%2216%22+width%3D%2216%22+alt%3D%22%F0%9F%8D%BB%22+src%3D%22https%3A%2F%2Fstatic.xx.fbcdn.net%2Fimages%2Femoji.php%2Fv9%2Ft96%2F1%2F16%2F1f37b.png%22%3E%26nbsp%3BProchaine+d%C3%A9gustation+jeudredi+2%2F02+d%C3%A8s+18h+chez+Denise+avec+la+d%C3%A9couverte+de+la+Brasserie+Cubus+%21%3C%2Fp%3E+%3Cp%3ECUBUS%2C+micro-brasserie+cr%C3%A9%C3%A9e+%C3%A0+Sart-Risbart%2C+a+%C3%A9t%C3%A9+adopt%C3%A9e+en+juillet+2022+par+la+walhinoise+Vanessa+De+Munck.+Aux+commandes+de+cette+toute+petite+entreprise%2C+Vanessa+a+rempli+de+projets+les+tiroirs+de+la+Brasserie+CUBUS+dont+le+principal+est+d%E2%80%99accro%C3%AEtre+la+visibilit%C3%A9+de+ces+bi%C3%A8res+de+d%C3%A9gustation+qui+refermentent+en+bouteille.%3C%2Fp%3E+%3Cp%3EAlors+venez+r%C3%A9veiller+vos+papilles+et+d%C3%A9couvrir+La+Saison%2C+L%E2%80%99Eclipse+et+La+Triple%2C+les+3+dames+de+la+gamme+CUBUS%2C+bi%C3%A8res+sp%C3%A9ciales+belges+sans+artifice%2C+%C3%A9pices+ou+additifs.%26nbsp%3B%3Cimg+height%3D%2216%22+width%3D%2216%22+alt%3D%22%F0%9F%8D%BB%22+src%3D%22https%3A%2F%2Fstatic.xx.fbcdn.net%2Fimages%2Femoji.php%2Fv9%2Ft96%2F1%2F16%2F1f37b.png%22%3E%3C%2Fp%3E+%3Cdiv+class%3D%22wp-block-tribe-tickets%22%3E%3C%2Fdiv%3E&#038;trp=false&#038;ctz=UTC+0&#038;sprop=website:https:\/\/ruchedenise.be\"\n\t\t\t\t\t\t\t\t\t\tclass=\"tribe-events-c-subscribe-dropdown__list-item-link\"\n\t\t\t\t\t\t\t\t\t\ttarget=\"_blank\"\n\t\t\t\t\t\t\t\t\t\trel=\"noopener noreferrer nofollow noindex\"\n\t\t\t\t\t\t\t\t\t>\n\t\t\t\t\t\t\t\t\t\tGoogle Calendar\t\t\t\t\t\t\t\t\t<\/a>\n\t\t\t\t\t\t\t\t<\/li>\n\t\t\t\t\t\t\t\t\t\t\t\t\t\t\t<li class=\"tribe-events-c-subscribe-dropdown__list-item tribe-events-c-subscribe-dropdown__list-item--ical\">\n\t\t\t\t\t\t\t\t\t<a\n\t\t\t\t\t\t\t\t\t\thref=\"\"\n\t\t\t\t\t\t\t\t\t\tclass=\"tribe-events-c-subscribe-dropdown__list-item-link\"\n\t\t\t\t\t\t\t\t\t\ttarget=\"_blank\"\n\t\t\t\t\t\t\t\t\t\trel=\"noopener noreferrer nofollow noindex\"\n\t\t\t\t\t\t\t\t\t>\n\t\t\t\t\t\t\t\t\t\tiCalendar\t\t\t\t\t\t\t\t\t<\/a>\n\t\t\t\t\t\t\t\t<\/li>\n\t\t\t\t\t\t\t\t\t\t\t\t\t\t\t<li class=\"tribe-events-c-subscribe-dropdown__list-item tribe-events-c-subscribe-dropdown__list-item--outlook-365\">\n\t\t\t\t\t\t\t\t\t<a\n\t\t\t\t\t\t\t\t\t\thref=\"\"\n\t\t\t\t\t\t\t\t\t\tclass=\"tribe-events-c-subscribe-dropdown__list-item-link\"\n\t\t\t\t\t\t\t\t\t\ttarget=\"_blank\"\n\t\t\t\t\t\t\t\t\t\trel=\"noopener noreferrer nofollow noindex\"\n\t\t\t\t\t\t\t\t\t>\n\t\t\t\t\t\t\t\t\t\tOutlook 365\t\t\t\t\t\t\t\t\t<\/a>\n\t\t\t\t\t\t\t\t<\/li>\n\t\t\t\t\t\t\t\t\t\t\t\t\t\t\t<li class=\"tribe-events-c-subscribe-dropdown__list-item tribe-events-c-subscribe-dropdown__list-item--outlook-live\">\n\t\t\t\t\t\t\t\t\t<a\n\t\t\t\t\t\t\t\t\t\thref=\"\"\n\t\t\t\t\t\t\t\t\t\tclass=\"tribe-events-c-subscribe-dropdown__list-item-link\"\n\t\t\t\t\t\t\t\t\t\ttarget=\"_blank\"\n\t\t\t\t\t\t\t\t\t\trel=\"noopener noreferrer nofollow noindex\"\n\t\t\t\t\t\t\t\t\t>\n\t\t\t\t\t\t\t\t\t\tOutlook Live\t\t\t\t\t\t\t\t\t<\/a>\n\t\t\t\t\t\t\t\t<\/li>\n\t\t\t\t\t\t\t\t\t\t\t\t\t<\/ul>\n\t\t\t\t\t<\/div>\n\t\t\t\t<\/div>\n\t\t\t<\/div>\n\t\t<\/div>\n\t<\/div>\n\n\n\n\n\n\n\n","protected":false},"excerpt":{"rendered":"<p>&nbsp;Prochaine d\u00e9gustation jeudredi 2\/02 d\u00e8s 18h chez Denise avec la d\u00e9couverte de la Brasserie Cubus ! CUBUS, micro-brasserie cr\u00e9\u00e9e \u00e0 Sart-Risbart, a \u00e9t\u00e9 adopt\u00e9e en juillet 2022 par la walhinoise Vanessa De Munck. Aux commandes de cette toute petite entreprise, Vanessa a rempli de projets les tiroirs de la Brasserie CUBUS dont [&hellip;]<\/p>\n","protected":false},"author":2,"featured_media":7707,"template":"","meta":{"_monsterinsights_skip_tracking":false,"_monsterinsights_sitenote_active":false,"_monsterinsights_sitenote_note":"","_monsterinsights_sitenote_category":0,"_price":"","_stock":"","_tribe_ticket_header":"","_tribe_default_ticket_provider":"","_tribe_ticket_capacity":"","_ticket_start_date":"","_ticket_end_date":"","_tribe_ticket_show_description":"","_tribe_ticket_show_not_going":false,"_tribe_ticket_use_global_stock":"","_tribe_ticket_global_stock_level":"","_global_stock_mode":"","_global_stock_cap":"","_tribe_rsvp_for_event":"","_tribe_ticket_going_count":"","_tribe_ticket_not_going_count":"","_tribe_tickets_list":"[]","_tribe_ticket_has_attendee_info_fields":false,"_EventAllDay":false,"_EventTimezone":"UTC+0","_EventStartDate":"2023-02-02 18:00:00","_EventEndDate":"2023-02-02 20:00:00","_EventStartDateUTC":"2023-02-02 18:00:00","_EventEndDateUTC":"2023-02-02 20:00:00","_EventShowMap":true,"_EventShowMapLink":true,"_EventURL":"","_EventCost":"","_EventCostDescription":"","_EventCurrencySymbol":"\u20ac","_EventCurrencyCode":"USD","_EventCurrencyPosition":"prefix","_EventDateTimeSeparator":" @ ","_EventTimeRangeSeparator":" - ","_EventOrganizerID":[],"_EventVenueID":[0],"_OrganizerEmail":"","_OrganizerPhone":"","_OrganizerWebsite":"","_VenueAddress":"","_VenueCity":"","_VenueCountry":"","_VenueProvince":"","_VenueState":"","_VenueZip":"","_VenuePhone":"","_VenueURL":"","_VenueStateProvince":"","_VenueLat":"","_VenueLng":"","_VenueShowMap":false,"_VenueShowMapLink":false,"_tribe_events_status":"","_tribe_events_status_reason":"","footnotes":"","_tec_slr_enabled":"","_tec_slr_layout":""},"tags":[],"tribe_events_cat":[],"class_list":["post-7705","tribe_events","type-tribe_events","status-publish","has-post-thumbnail","hentry"],"ticketed":false,"_links":{"self":[{"href":"https:\/\/ruchedenise.be\/index.php\/wp-json\/wp\/v2\/tribe_events\/7705","targetHints":{"allow":["GET"]}}],"collection":[{"href":"https:\/\/ruchedenise.be\/index.php\/wp-json\/wp\/v2\/tribe_events"}],"about":[{"href":"https:\/\/ruchedenise.be\/index.php\/wp-json\/wp\/v2\/types\/tribe_events"}],"author":[{"embeddable":true,"href":"https:\/\/ruchedenise.be\/index.php\/wp-json\/wp\/v2\/users\/2"}],"version-history":[{"count":1,"href":"https:\/\/ruchedenise.be\/index.php\/wp-json\/wp\/v2\/tribe_events\/7705\/revisions"}],"predecessor-version":[{"id":7708,"href":"https:\/\/ruchedenise.be\/index.php\/wp-json\/wp\/v2\/tribe_events\/7705\/revisions\/7708"}],"wp:featuredmedia":[{"embeddable":true,"href":"https:\/\/ruchedenise.be\/index.php\/wp-json\/wp\/v2\/media\/7707"}],"wp:attachment":[{"href":"https:\/\/ruchedenise.be\/index.php\/wp-json\/wp\/v2\/media?parent=7705"}],"wp:term":[{"taxonomy":"post_tag","embeddable":true,"href":"https:\/\/ruchedenise.be\/index.php\/wp-json\/wp\/v2\/tags?post=7705"},{"taxonomy":"tribe_events_cat","embeddable":true,"href":"https:\/\/ruchedenise.be\/index.php\/wp-json\/wp\/v2\/tribe_events_cat?post=7705"}],"curies":[{"name":"wp","href":"https:\/\/api.w.org\/{rel}","templated":true}]}}

<strong>AfterWork Dégustation Cubus</strong>

<div  class="tribe-events-schedule tribe-clearfix" >
	<p class="tribe-events-schedule__datetime">
		<span class="tribe-events-schedule__date tribe-events-schedule__date--start">
			February 2, 2023		</span>

					<span class="tribe-events-schedule__separator tribe-events-schedule__separator--date">
				 @ 			</span>
			<span class="tribe-events-schedule__time tribe-events-schedule__time--start">
				6:00 pm			</span>
		
									<span class="tribe-events-schedule__separator tribe-events-schedule__separator--time">
					 &#8211; 				</span>
			
							<span class="tribe-events-schedule__time tribe-events-schedule__time--end">
					8:00 pm				</span>
			
						</p>
</div>



<p><img loading="lazy" decoding="async" height="16" width="16" alt="🍻" src="https://static.xx.fbcdn.net/images/emoji.php/v9/t96/1/16/1f37b.png">&nbsp;Prochaine dégustation jeudredi 2/02 dès 18h chez Denise avec la découverte de la Brasserie Cubus !</p>



<p>CUBUS, micro-brasserie créée à Sart-Risbart, a été adoptée en juillet 2022 par la walhinoise Vanessa De Munck. Aux commandes de cette toute petite entreprise, Vanessa a rempli de projets les tiroirs de la Brasserie CUBUS dont le principal est d’accroître la visibilité de ces bières de dégustation qui refermentent en bouteille.</p>



<p>Alors venez réveiller vos papilles et découvrir La Saison, L’Eclipse et La Triple, les 3 dames de la gamme CUBUS, bières spéciales belges sans artifice, épices ou additifs.&nbsp;<img loading="lazy" decoding="async" height="16" width="16" alt="🍻" src="https://static.xx.fbcdn.net/images/emoji.php/v9/t96/1/16/1f37b.png"></p>


<div  class="tribe-block tribe-block__event-price" >
		</div>




<div  class="tribe-block tribe-block__venue tribe-clearfix tribe-block__venue--has-map" >
	
		
	</div>




	<div  class="tribe-block tribe-block__events-link" >
		<div class="tribe-events tribe-common">
			<div class="tribe-events-c-subscribe-dropdown__container">
				<div class="tribe-events-c-subscribe-dropdown">
					<div class="tribe-common-c-btn-border tribe-events-c-subscribe-dropdown__button">
						<svg
	 class="tribe-common-c-svgicon tribe-common-c-svgicon--cal-export tribe-events-c-subscribe-dropdown__export-icon" 	aria-hidden="true"
	viewBox="0 0 23 17"
	xmlns="http://www.w3.org/2000/svg"
>
	<path fill-rule="evenodd" clip-rule="evenodd" d="M.128.896V16.13c0 .211.145.383.323.383h15.354c.179 0 .323-.172.323-.383V.896c0-.212-.144-.383-.323-.383H.451C.273.513.128.684.128.896Zm16 6.742h-.901V4.679H1.009v10.729h14.218v-3.336h.901V7.638ZM1.01 1.614h14.218v2.058H1.009V1.614Z" />
	<path d="M20.5 9.846H8.312M18.524 6.953l2.89 2.909-2.855 2.855" stroke-width="1.2" stroke-linecap="round" stroke-linejoin="round"/>
</svg>
						<button
							class="tribe-events-c-subscribe-dropdown__button-text"
							aria-expanded="false"
							aria-controls="tribe-events-subscribe-dropdown-content"
							aria-label="View links to add events to your calendar"
						>
							Add to calendar						</button>
						<svg
	 class="tribe-common-c-svgicon tribe-common-c-svgicon--caret-down tribe-events-c-subscribe-dropdown__button-icon" 	aria-hidden="true"
	viewBox="0 0 10 7"
	xmlns="http://www.w3.org/2000/svg"
>
	<path fill-rule="evenodd" clip-rule="evenodd" d="M1.008.609L5 4.6 8.992.61l.958.958L5 6.517.05 1.566l.958-.958z" class="tribe-common-c-svgicon__svg-fill"/>
</svg>
					</div>
					<div id="tribe-events-subscribe-dropdown-content" class="tribe-events-c-subscribe-dropdown__content">
						<ul class="tribe-events-c-subscribe-dropdown__list">
															<li class="tribe-events-c-subscribe-dropdown__list-item tribe-events-c-subscribe-dropdown__list-item--gcal">
									<a
										href="https://www.google.com/calendar/event?action=TEMPLATE&#038;dates=20230202T180000/20230202T200000&#038;text=%3Cstrong%3EAfterWork%20D%C3%A9gustation%20Cubus%3C%2Fstrong%3E&#038;details=%3Cp%3E%3Cimg+height%3D%2216%22+width%3D%2216%22+alt%3D%22%F0%9F%8D%BB%22+src%3D%22https%3A%2F%2Fstatic.xx.fbcdn.net%2Fimages%2Femoji.php%2Fv9%2Ft96%2F1%2F16%2F1f37b.png%22%3E%26nbsp%3BProchaine+d%C3%A9gustation+jeudredi+2%2F02+d%C3%A8s+18h+chez+Denise+avec+la+d%C3%A9couverte+de+la+Brasserie+Cubus+%21%3C%2Fp%3E+%3Cp%3ECUBUS%2C+micro-brasserie+cr%C3%A9%C3%A9e+%C3%A0+Sart-Risbart%2C+a+%C3%A9t%C3%A9+adopt%C3%A9e+en+juillet+2022+par+la+walhinoise+Vanessa+De+Munck.+Aux+commandes+de+cette+toute+petite+entreprise%2C+Vanessa+a+rempli+de+projets+les+tiroirs+de+la+Brasserie+CUBUS+dont+le+principal+est+d%E2%80%99accro%C3%AEtre+la+visibilit%C3%A9+de+ces+bi%C3%A8res+de+d%C3%A9gustation+qui+refermentent+en+bouteille.%3C%2Fp%3E+%3Cp%3EAlors+venez+r%C3%A9veiller+vos+papilles+et+d%C3%A9couvrir+La+Saison%2C+L%E2%80%99Eclipse+et+La+Triple%2C+les+3+dames+de+la+gamme+CUBUS%2C+bi%C3%A8res+sp%C3%A9ciales+belges+sans+artifice%2C+%C3%A9pices+ou+additifs.%26nbsp%3B%3Cimg+height%3D%2216%22+width%3D%2216%22+alt%3D%22%F0%9F%8D%BB%22+src%3D%22https%3A%2F%2Fstatic.xx.fbcdn.net%2Fimages%2Femoji.php%2Fv9%2Ft96%2F1%2F16%2F1f37b.png%22%3E%3C%2Fp%3E+%3Cdiv+class%3D%22wp-block-tribe-tickets%22%3E%3C%2Fdiv%3E&#038;trp=false&#038;ctz=UTC+0&#038;sprop=website:https://ruchedenise.be"
										class="tribe-events-c-subscribe-dropdown__list-item-link"
										target="_blank"
										rel="noopener noreferrer nofollow noindex"
									>
										Google Calendar									</a>
								</li>
															<li class="tribe-events-c-subscribe-dropdown__list-item tribe-events-c-subscribe-dropdown__list-item--ical">
									<a
										href=""
										class="tribe-events-c-subscribe-dropdown__list-item-link"
										target="_blank"
										rel="noopener noreferrer nofollow noindex"
									>
										iCalendar									</a>
								</li>
															<li class="tribe-events-c-subscribe-dropdown__list-item tribe-events-c-subscribe-dropdown__list-item--outlook-365">
									<a
										href=""
										class="tribe-events-c-subscribe-dropdown__list-item-link"
										target="_blank"
										rel="noopener noreferrer nofollow noindex"
									>
										Outlook 365									</a>
								</li>
															<li class="tribe-events-c-subscribe-dropdown__list-item tribe-events-c-subscribe-dropdown__list-item--outlook-live">
									<a
										href=""
										class="tribe-events-c-subscribe-dropdown__list-item-link"
										target="_blank"
										rel="noopener noreferrer nofollow noindex"
									>
										Outlook Live									</a>
								</li>
													</ul>
					</div>
				</div>
			</div>
		</div>
	</div>

<p>&nbsp;Prochaine dégustation jeudredi 2/02 dès 18h chez Denise avec la découverte de la Brasserie Cubus ! CUBUS, micro-brasserie créée à Sart-Risbart, a été adoptée en juillet 2022 par la walhinoise Vanessa De Munck. Aux commandes de cette toute petite entreprise, Vanessa a rempli de projets les tiroirs de la Brasserie CUBUS dont [&hellip;]</p>
