{"id":7784,"date":"2023-02-20T08:52:03","date_gmt":"2023-02-20T08:52:03","guid":{"rendered":"https:\/\/ruchedenise.be\/?post_type=tribe_events&#038;p=7784"},"modified":"2023-02-20T08:52:03","modified_gmt":"2023-02-20T08:52:03","slug":"atelier-de-stress-vous","status":"publish","type":"tribe_events","link":"https:\/\/ruchedenise.be\/index.php\/event\/atelier-de-stress-vous\/","title":{"rendered":"Atelier D\u00e9-stress &amp; vous"},"content":{"rendered":"<div  class=\"tribe-events-schedule tribe-clearfix\" >\n\t<p class=\"tribe-events-schedule__datetime\">\n\t\t<span class=\"tribe-events-schedule__date tribe-events-schedule__date--start\">\n\t\t\tMarch 15, 2023\t\t<\/span>\n\n\t\t\t\t\t<span class=\"tribe-events-schedule__separator tribe-events-schedule__separator--date\">\n\t\t\t\t @ \t\t\t<\/span>\n\t\t\t<span class=\"tribe-events-schedule__time tribe-events-schedule__time--start\">\n\t\t\t\t9:30 am\t\t\t<\/span>\n\t\t\n\t\t\t\t\t\t\t\t\t<span class=\"tribe-events-schedule__separator tribe-events-schedule__separator--time\">\n\t\t\t\t\t &#8211; \t\t\t\t<\/span>\n\t\t\t\n\t\t\t\t\t\t\t<span class=\"tribe-events-schedule__time tribe-events-schedule__time--end\">\n\t\t\t\t\t11:00 am\t\t\t\t<\/span>\n\t\t\t\n\t\t\t\t\t\t<\/p>\n<\/div>\n\n\n\n<p><img loading=\"lazy\" decoding=\"async\" height=\"16\" width=\"16\" src=\"https:\/\/static.xx.fbcdn.net\/images\/emoji.php\/v9\/tf4\/1\/16\/2728.png\" alt=\"\u2728\"><\/p>\n\n\n\n<p>&#8220;A partir du 15 mars nous vous accueillons au Caf\u00e9 citoyen \u00e0 Mont-Saint-Guibert pour une s\u00e9rie de 5 ateliers destin\u00e9s \u00e0 toute personne souhaitant am\u00e9liorer sa gestion du stress.<\/p>\n\n\n\n<p>Par <a><\/a>l&#8217;humour, la cr\u00e9ativit\u00e9 et des exercices pratiques, nous cheminerons ensemble vers une plus grande compr\u00e9hension des m\u00e9canismes du stress.<\/p>\n\n\n\n<p><img loading=\"lazy\" decoding=\"async\" height=\"16\" width=\"16\" alt=\"\ud83c\udf08\" src=\"https:\/\/static.xx.fbcdn.net\/images\/emoji.php\/v9\/t13\/1\/16\/1f308.png\"> \u00c9changer en groupe nous permet de r\u00e9chauffer les c\u0153urs en cette p\u00e9riode parfois difficile.<\/p>\n\n\n\n<p>Merci d&#8217;avance de partager dans vos r\u00e9seaux.<\/p>\n\n\n\n<p>Nous sommes disponibles pour toutes autres informations.<\/p>\n\n\n\n<p>Au plaisir de vous rencontrer <img loading=\"lazy\" decoding=\"async\" height=\"16\" width=\"16\" alt=\"\ud83d\ude0a\" src=\"https:\/\/static.xx.fbcdn.net\/images\/emoji.php\/v9\/t7f\/1\/16\/1f60a.png\">&#8220;<\/p>\n\n\n\n<p>Laetitia S. &amp; Laetitia D.<\/p>\n\n\n<div  class=\"tribe-block tribe-block__event-price\" >\n\t\t<\/div>\n\n\n\n\n<div  class=\"tribe-block tribe-block__venue tribe-clearfix tribe-block__venue--has-map\" >\n\t\n\t\t\n\t<\/div>\n\n\n\n\n\t<div  class=\"tribe-block tribe-block__events-link\" >\n\t\t<div class=\"tribe-events tribe-common\">\n\t\t\t<div class=\"tribe-events-c-subscribe-dropdown__container\">\n\t\t\t\t<div class=\"tribe-events-c-subscribe-dropdown\">\n\t\t\t\t\t<div class=\"tribe-common-c-btn-border tribe-events-c-subscribe-dropdown__button\">\n\t\t\t\t\t\t<svg\n\t class=\"tribe-common-c-svgicon tribe-common-c-svgicon--cal-export tribe-events-c-subscribe-dropdown__export-icon\" \taria-hidden=\"true\"\n\tviewBox=\"0 0 23 17\"\n\txmlns=\"http:\/\/www.w3.org\/2000\/svg\"\n>\n\t<path fill-rule=\"evenodd\" clip-rule=\"evenodd\" d=\"M.128.896V16.13c0 .211.145.383.323.383h15.354c.179 0 .323-.172.323-.383V.896c0-.212-.144-.383-.323-.383H.451C.273.513.128.684.128.896Zm16 6.742h-.901V4.679H1.009v10.729h14.218v-3.336h.901V7.638ZM1.01 1.614h14.218v2.058H1.009V1.614Z\" \/>\n\t<path d=\"M20.5 9.846H8.312M18.524 6.953l2.89 2.909-2.855 2.855\" stroke-width=\"1.2\" stroke-linecap=\"round\" stroke-linejoin=\"round\"\/>\n<\/svg>\n\t\t\t\t\t\t<button\n\t\t\t\t\t\t\tclass=\"tribe-events-c-subscribe-dropdown__button-text\"\n\t\t\t\t\t\t\taria-expanded=\"false\"\n\t\t\t\t\t\t\taria-controls=\"tribe-events-subscribe-dropdown-content\"\n\t\t\t\t\t\t\taria-label=\"View links to add events to your calendar\"\n\t\t\t\t\t\t>\n\t\t\t\t\t\t\tAdd to calendar\t\t\t\t\t\t<\/button>\n\t\t\t\t\t\t<svg\n\t class=\"tribe-common-c-svgicon tribe-common-c-svgicon--caret-down tribe-events-c-subscribe-dropdown__button-icon\" \taria-hidden=\"true\"\n\tviewBox=\"0 0 10 7\"\n\txmlns=\"http:\/\/www.w3.org\/2000\/svg\"\n>\n\t<path fill-rule=\"evenodd\" clip-rule=\"evenodd\" d=\"M1.008.609L5 4.6 8.992.61l.958.958L5 6.517.05 1.566l.958-.958z\" class=\"tribe-common-c-svgicon__svg-fill\"\/>\n<\/svg>\n\t\t\t\t\t<\/div>\n\t\t\t\t\t<div id=\"tribe-events-subscribe-dropdown-content\" class=\"tribe-events-c-subscribe-dropdown__content\">\n\t\t\t\t\t\t<ul class=\"tribe-events-c-subscribe-dropdown__list\">\n\t\t\t\t\t\t\t\t\t\t\t\t\t\t\t<li class=\"tribe-events-c-subscribe-dropdown__list-item tribe-events-c-subscribe-dropdown__list-item--gcal\">\n\t\t\t\t\t\t\t\t\t<a\n\t\t\t\t\t\t\t\t\t\thref=\"https:\/\/www.google.com\/calendar\/event?action=TEMPLATE&#038;dates=20230315T093000\/20230315T110000&#038;text=Atelier%20D%C3%A9-stress%20%26amp%3B%20vous&#038;details=%3Cp%3E%3Cimg+height%3D%2216%22+width%3D%2216%22+src%3D%22https%3A%2F%2Fstatic.xx.fbcdn.net%2Fimages%2Femoji.php%2Fv9%2Ftf4%2F1%2F16%2F2728.png%22+alt%3D%22%E2%9C%A8%22%2F%3E%3C%2Fp%3E+%3Cp%3E%22A+partir+du+15+mars+nous+vous+accueillons+au+Caf%C3%A9+citoyen+%C3%A0+Mont-Saint-Guibert+pour+une+s%C3%A9rie+de+5+ateliers+destin%C3%A9s+%C3%A0+toute+personne+souhaitant+am%C3%A9liorer+sa+gestion+du+stress.%3C%2Fp%3E+%3Cp%3EPar+%3Ca%3E%3C%2Fa%3El%27humour%2C+la+cr%C3%A9ativit%C3%A9+et+des+exercices+pratiques%2C+nous+cheminerons+ensemble+vers+une+plus+grande+compr%C3%A9hension+des+m%C3%A9canismes+du+stress.%3C%2Fp%3E+%3Cp%3E%3Cimg+height%3D%2216%22+width%3D%2216%22+alt%3D%22%F0%9F%8C%88%22+src%3D%22https%3A%2F%2Fstatic.xx.fbcdn.net%2Fimages%2Femoji.php%2Fv9%2Ft13%2F1%2F16%2F1f308.png%22%2F%3E+%C3%89changer+en+groupe+nous+permet+de+r%C3%A9chauffer+les+c%C5%93urs+en+cette+p%C3%A9riode+parfois+difficile.%3C%2Fp%3E+%3Cp%3EMerci+d%27avance+de+partager+dans+vos+r%C3%A9seaux.%3C%2Fp%3E+%3Cp%3ENous+sommes+disponibles+pour+toutes+autres+informations.%3C%2Fp%3E+%3Cp%3EAu+plaisir+de+vous+rencontrer+%3Cimg+height%3D%2216%22+width%3D%2216%22+alt%3D%22%F0%9F%98%8A%22+src%3D%22https%3A%2F%2Fstatic.xx.fbcdn.net%2Fimages%2Femoji.php%2Fv9%2Ft7f%2F1%2F16%2F1f60a.png%22%2F%3E%22%3C%2Fp%3E+%3Cp%3ELaetitia+%3C%2Fp%3E+%28View+Full+event+Description+Here%3A+https%3A%2F%2Fruchedenise.be%2Findex.php%2Fevent%2Fatelier-de-stress-vous%2F%29&#038;trp=false&#038;ctz=UTC+0&#038;sprop=website:https:\/\/ruchedenise.be\"\n\t\t\t\t\t\t\t\t\t\tclass=\"tribe-events-c-subscribe-dropdown__list-item-link\"\n\t\t\t\t\t\t\t\t\t\ttarget=\"_blank\"\n\t\t\t\t\t\t\t\t\t\trel=\"noopener noreferrer nofollow noindex\"\n\t\t\t\t\t\t\t\t\t>\n\t\t\t\t\t\t\t\t\t\tGoogle Calendar\t\t\t\t\t\t\t\t\t<\/a>\n\t\t\t\t\t\t\t\t<\/li>\n\t\t\t\t\t\t\t\t\t\t\t\t\t\t\t<li class=\"tribe-events-c-subscribe-dropdown__list-item tribe-events-c-subscribe-dropdown__list-item--ical\">\n\t\t\t\t\t\t\t\t\t<a\n\t\t\t\t\t\t\t\t\t\thref=\"\"\n\t\t\t\t\t\t\t\t\t\tclass=\"tribe-events-c-subscribe-dropdown__list-item-link\"\n\t\t\t\t\t\t\t\t\t\ttarget=\"_blank\"\n\t\t\t\t\t\t\t\t\t\trel=\"noopener noreferrer nofollow noindex\"\n\t\t\t\t\t\t\t\t\t>\n\t\t\t\t\t\t\t\t\t\tiCalendar\t\t\t\t\t\t\t\t\t<\/a>\n\t\t\t\t\t\t\t\t<\/li>\n\t\t\t\t\t\t\t\t\t\t\t\t\t\t\t<li class=\"tribe-events-c-subscribe-dropdown__list-item tribe-events-c-subscribe-dropdown__list-item--outlook-365\">\n\t\t\t\t\t\t\t\t\t<a\n\t\t\t\t\t\t\t\t\t\thref=\"\"\n\t\t\t\t\t\t\t\t\t\tclass=\"tribe-events-c-subscribe-dropdown__list-item-link\"\n\t\t\t\t\t\t\t\t\t\ttarget=\"_blank\"\n\t\t\t\t\t\t\t\t\t\trel=\"noopener noreferrer nofollow noindex\"\n\t\t\t\t\t\t\t\t\t>\n\t\t\t\t\t\t\t\t\t\tOutlook 365\t\t\t\t\t\t\t\t\t<\/a>\n\t\t\t\t\t\t\t\t<\/li>\n\t\t\t\t\t\t\t\t\t\t\t\t\t\t\t<li class=\"tribe-events-c-subscribe-dropdown__list-item tribe-events-c-subscribe-dropdown__list-item--outlook-live\">\n\t\t\t\t\t\t\t\t\t<a\n\t\t\t\t\t\t\t\t\t\thref=\"\"\n\t\t\t\t\t\t\t\t\t\tclass=\"tribe-events-c-subscribe-dropdown__list-item-link\"\n\t\t\t\t\t\t\t\t\t\ttarget=\"_blank\"\n\t\t\t\t\t\t\t\t\t\trel=\"noopener noreferrer nofollow noindex\"\n\t\t\t\t\t\t\t\t\t>\n\t\t\t\t\t\t\t\t\t\tOutlook Live\t\t\t\t\t\t\t\t\t<\/a>\n\t\t\t\t\t\t\t\t<\/li>\n\t\t\t\t\t\t\t\t\t\t\t\t\t<\/ul>\n\t\t\t\t\t<\/div>\n\t\t\t\t<\/div>\n\t\t\t<\/div>\n\t\t<\/div>\n\t<\/div>\n\n\n\n\n\n","protected":false},"excerpt":{"rendered":"<p>&#8220;A partir du 15 mars nous vous accueillons au Caf\u00e9 citoyen \u00e0 Mont-Saint-Guibert pour une s\u00e9rie de 5 ateliers destin\u00e9s \u00e0 toute personne souhaitant am\u00e9liorer sa gestion du stress. Par l&#8217;humour, la cr\u00e9ativit\u00e9 et des exercices pratiques, nous cheminerons ensemble vers une plus grande compr\u00e9hension des m\u00e9canismes du stress. \u00c9changer en groupe [&hellip;]<\/p>\n","protected":false},"author":2,"featured_media":7785,"template":"","meta":{"_monsterinsights_skip_tracking":false,"_monsterinsights_sitenote_active":false,"_monsterinsights_sitenote_note":"","_monsterinsights_sitenote_category":0,"_price":"","_stock":"","_tribe_ticket_header":"","_tribe_default_ticket_provider":"","_tribe_ticket_capacity":"","_ticket_start_date":"","_ticket_end_date":"","_tribe_ticket_show_description":"","_tribe_ticket_show_not_going":false,"_tribe_ticket_use_global_stock":"","_tribe_ticket_global_stock_level":"","_global_stock_mode":"","_global_stock_cap":"","_tribe_rsvp_for_event":"","_tribe_ticket_going_count":"","_tribe_ticket_not_going_count":"","_tribe_tickets_list":"[]","_tribe_ticket_has_attendee_info_fields":false,"_EventAllDay":false,"_EventTimezone":"UTC+0","_EventStartDate":"2023-03-15 09:30:00","_EventEndDate":"2023-03-15 11:00:00","_EventStartDateUTC":"2023-03-15 09:30:00","_EventEndDateUTC":"2023-03-15 11:00:00","_EventShowMap":true,"_EventShowMapLink":true,"_EventURL":"","_EventCost":"","_EventCostDescription":"","_EventCurrencySymbol":"\u20ac","_EventCurrencyCode":"USD","_EventCurrencyPosition":"prefix","_EventDateTimeSeparator":" @ ","_EventTimeRangeSeparator":" - ","_EventOrganizerID":[],"_EventVenueID":[0],"_OrganizerEmail":"","_OrganizerPhone":"","_OrganizerWebsite":"","_VenueAddress":"","_VenueCity":"","_VenueCountry":"","_VenueProvince":"","_VenueState":"","_VenueZip":"","_VenuePhone":"","_VenueURL":"","_VenueStateProvince":"","_VenueLat":"","_VenueLng":"","_VenueShowMap":false,"_VenueShowMapLink":false,"_tribe_events_status":"","_tribe_events_status_reason":"","footnotes":"","_tec_slr_enabled":"","_tec_slr_layout":""},"tags":[],"tribe_events_cat":[],"class_list":["post-7784","tribe_events","type-tribe_events","status-publish","has-post-thumbnail","hentry"],"ticketed":false,"_links":{"self":[{"href":"https:\/\/ruchedenise.be\/index.php\/wp-json\/wp\/v2\/tribe_events\/7784","targetHints":{"allow":["GET"]}}],"collection":[{"href":"https:\/\/ruchedenise.be\/index.php\/wp-json\/wp\/v2\/tribe_events"}],"about":[{"href":"https:\/\/ruchedenise.be\/index.php\/wp-json\/wp\/v2\/types\/tribe_events"}],"author":[{"embeddable":true,"href":"https:\/\/ruchedenise.be\/index.php\/wp-json\/wp\/v2\/users\/2"}],"version-history":[{"count":1,"href":"https:\/\/ruchedenise.be\/index.php\/wp-json\/wp\/v2\/tribe_events\/7784\/revisions"}],"predecessor-version":[{"id":7786,"href":"https:\/\/ruchedenise.be\/index.php\/wp-json\/wp\/v2\/tribe_events\/7784\/revisions\/7786"}],"wp:featuredmedia":[{"embeddable":true,"href":"https:\/\/ruchedenise.be\/index.php\/wp-json\/wp\/v2\/media\/7785"}],"wp:attachment":[{"href":"https:\/\/ruchedenise.be\/index.php\/wp-json\/wp\/v2\/media?parent=7784"}],"wp:term":[{"taxonomy":"post_tag","embeddable":true,"href":"https:\/\/ruchedenise.be\/index.php\/wp-json\/wp\/v2\/tags?post=7784"},{"taxonomy":"tribe_events_cat","embeddable":true,"href":"https:\/\/ruchedenise.be\/index.php\/wp-json\/wp\/v2\/tribe_events_cat?post=7784"}],"curies":[{"name":"wp","href":"https:\/\/api.w.org\/{rel}","templated":true}]}}

Atelier Dé-stress &amp; vous

<div  class="tribe-events-schedule tribe-clearfix" >
	<p class="tribe-events-schedule__datetime">
		<span class="tribe-events-schedule__date tribe-events-schedule__date--start">
			March 15, 2023		</span>

					<span class="tribe-events-schedule__separator tribe-events-schedule__separator--date">
				 @ 			</span>
			<span class="tribe-events-schedule__time tribe-events-schedule__time--start">
				9:30 am			</span>
		
									<span class="tribe-events-schedule__separator tribe-events-schedule__separator--time">
					 &#8211; 				</span>
			
							<span class="tribe-events-schedule__time tribe-events-schedule__time--end">
					11:00 am				</span>
			
						</p>
</div>



<p><img loading="lazy" decoding="async" height="16" width="16" src="https://static.xx.fbcdn.net/images/emoji.php/v9/tf4/1/16/2728.png" alt="✨"></p>



<p>&#8220;A partir du 15 mars nous vous accueillons au Café citoyen à Mont-Saint-Guibert pour une série de 5 ateliers destinés à toute personne souhaitant améliorer sa gestion du stress.</p>



<p>Par <a></a>l&#8217;humour, la créativité et des exercices pratiques, nous cheminerons ensemble vers une plus grande compréhension des mécanismes du stress.</p>



<p><img loading="lazy" decoding="async" height="16" width="16" alt="🌈" src="https://static.xx.fbcdn.net/images/emoji.php/v9/t13/1/16/1f308.png"> Échanger en groupe nous permet de réchauffer les cœurs en cette période parfois difficile.</p>



<p>Merci d&#8217;avance de partager dans vos réseaux.</p>



<p>Nous sommes disponibles pour toutes autres informations.</p>



<p>Au plaisir de vous rencontrer <img loading="lazy" decoding="async" height="16" width="16" alt="😊" src="https://static.xx.fbcdn.net/images/emoji.php/v9/t7f/1/16/1f60a.png">&#8220;</p>



<p>Laetitia S. &amp; Laetitia D.</p>


<div  class="tribe-block tribe-block__event-price" >
		</div>




<div  class="tribe-block tribe-block__venue tribe-clearfix tribe-block__venue--has-map" >
	
		
	</div>




	<div  class="tribe-block tribe-block__events-link" >
		<div class="tribe-events tribe-common">
			<div class="tribe-events-c-subscribe-dropdown__container">
				<div class="tribe-events-c-subscribe-dropdown">
					<div class="tribe-common-c-btn-border tribe-events-c-subscribe-dropdown__button">
						<svg
	 class="tribe-common-c-svgicon tribe-common-c-svgicon--cal-export tribe-events-c-subscribe-dropdown__export-icon" 	aria-hidden="true"
	viewBox="0 0 23 17"
	xmlns="http://www.w3.org/2000/svg"
>
	<path fill-rule="evenodd" clip-rule="evenodd" d="M.128.896V16.13c0 .211.145.383.323.383h15.354c.179 0 .323-.172.323-.383V.896c0-.212-.144-.383-.323-.383H.451C.273.513.128.684.128.896Zm16 6.742h-.901V4.679H1.009v10.729h14.218v-3.336h.901V7.638ZM1.01 1.614h14.218v2.058H1.009V1.614Z" />
	<path d="M20.5 9.846H8.312M18.524 6.953l2.89 2.909-2.855 2.855" stroke-width="1.2" stroke-linecap="round" stroke-linejoin="round"/>
</svg>
						<button
							class="tribe-events-c-subscribe-dropdown__button-text"
							aria-expanded="false"
							aria-controls="tribe-events-subscribe-dropdown-content"
							aria-label="View links to add events to your calendar"
						>
							Add to calendar						</button>
						<svg
	 class="tribe-common-c-svgicon tribe-common-c-svgicon--caret-down tribe-events-c-subscribe-dropdown__button-icon" 	aria-hidden="true"
	viewBox="0 0 10 7"
	xmlns="http://www.w3.org/2000/svg"
>
	<path fill-rule="evenodd" clip-rule="evenodd" d="M1.008.609L5 4.6 8.992.61l.958.958L5 6.517.05 1.566l.958-.958z" class="tribe-common-c-svgicon__svg-fill"/>
</svg>
					</div>
					<div id="tribe-events-subscribe-dropdown-content" class="tribe-events-c-subscribe-dropdown__content">
						<ul class="tribe-events-c-subscribe-dropdown__list">
															<li class="tribe-events-c-subscribe-dropdown__list-item tribe-events-c-subscribe-dropdown__list-item--gcal">
									<a
										href="https://www.google.com/calendar/event?action=TEMPLATE&#038;dates=20230315T093000/20230315T110000&#038;text=Atelier%20D%C3%A9-stress%20%26amp%3B%20vous&#038;details=%3Cp%3E%3Cimg+height%3D%2216%22+width%3D%2216%22+src%3D%22https%3A%2F%2Fstatic.xx.fbcdn.net%2Fimages%2Femoji.php%2Fv9%2Ftf4%2F1%2F16%2F2728.png%22+alt%3D%22%E2%9C%A8%22%2F%3E%3C%2Fp%3E+%3Cp%3E%22A+partir+du+15+mars+nous+vous+accueillons+au+Caf%C3%A9+citoyen+%C3%A0+Mont-Saint-Guibert+pour+une+s%C3%A9rie+de+5+ateliers+destin%C3%A9s+%C3%A0+toute+personne+souhaitant+am%C3%A9liorer+sa+gestion+du+stress.%3C%2Fp%3E+%3Cp%3EPar+%3Ca%3E%3C%2Fa%3El%27humour%2C+la+cr%C3%A9ativit%C3%A9+et+des+exercices+pratiques%2C+nous+cheminerons+ensemble+vers+une+plus+grande+compr%C3%A9hension+des+m%C3%A9canismes+du+stress.%3C%2Fp%3E+%3Cp%3E%3Cimg+height%3D%2216%22+width%3D%2216%22+alt%3D%22%F0%9F%8C%88%22+src%3D%22https%3A%2F%2Fstatic.xx.fbcdn.net%2Fimages%2Femoji.php%2Fv9%2Ft13%2F1%2F16%2F1f308.png%22%2F%3E+%C3%89changer+en+groupe+nous+permet+de+r%C3%A9chauffer+les+c%C5%93urs+en+cette+p%C3%A9riode+parfois+difficile.%3C%2Fp%3E+%3Cp%3EMerci+d%27avance+de+partager+dans+vos+r%C3%A9seaux.%3C%2Fp%3E+%3Cp%3ENous+sommes+disponibles+pour+toutes+autres+informations.%3C%2Fp%3E+%3Cp%3EAu+plaisir+de+vous+rencontrer+%3Cimg+height%3D%2216%22+width%3D%2216%22+alt%3D%22%F0%9F%98%8A%22+src%3D%22https%3A%2F%2Fstatic.xx.fbcdn.net%2Fimages%2Femoji.php%2Fv9%2Ft7f%2F1%2F16%2F1f60a.png%22%2F%3E%22%3C%2Fp%3E+%3Cp%3ELaetitia+%3C%2Fp%3E+%28View+Full+event+Description+Here%3A+https%3A%2F%2Fruchedenise.be%2Findex.php%2Fevent%2Fatelier-de-stress-vous%2F%29&#038;trp=false&#038;ctz=UTC+0&#038;sprop=website:https://ruchedenise.be"
										class="tribe-events-c-subscribe-dropdown__list-item-link"
										target="_blank"
										rel="noopener noreferrer nofollow noindex"
									>
										Google Calendar									</a>
								</li>
															<li class="tribe-events-c-subscribe-dropdown__list-item tribe-events-c-subscribe-dropdown__list-item--ical">
									<a
										href=""
										class="tribe-events-c-subscribe-dropdown__list-item-link"
										target="_blank"
										rel="noopener noreferrer nofollow noindex"
									>
										iCalendar									</a>
								</li>
															<li class="tribe-events-c-subscribe-dropdown__list-item tribe-events-c-subscribe-dropdown__list-item--outlook-365">
									<a
										href=""
										class="tribe-events-c-subscribe-dropdown__list-item-link"
										target="_blank"
										rel="noopener noreferrer nofollow noindex"
									>
										Outlook 365									</a>
								</li>
															<li class="tribe-events-c-subscribe-dropdown__list-item tribe-events-c-subscribe-dropdown__list-item--outlook-live">
									<a
										href=""
										class="tribe-events-c-subscribe-dropdown__list-item-link"
										target="_blank"
										rel="noopener noreferrer nofollow noindex"
									>
										Outlook Live									</a>
								</li>
													</ul>
					</div>
				</div>
			</div>
		</div>
	</div>

<p>&#8220;A partir du 15 mars nous vous accueillons au Café citoyen à Mont-Saint-Guibert pour une série de 5 ateliers destinés à toute personne souhaitant améliorer sa gestion du stress. Par l&#8217;humour, la créativité et des exercices pratiques, nous cheminerons ensemble vers une plus grande compréhension des mécanismes du stress. Échanger en groupe [&hellip;]</p>
